123321011
In base 5, what is -2123041403 + 240?
-2123041113
In base 9, what is -77442420 - -4?
-77442415
In base 9, what is -872488 - -30?
-872458
In base 10, what is 1377 + 2156?
3533
In base 6, what is 532 - -432534?
433510
In base 11, what is -10 - -78063?
78053
In base 14, what is -219c61 + 8a?
-219bb5
In base 3, what is -1000010221211010 + -1120?
-1000010221212200
In base 3, what is -1011012201120 - -1?
-1011012201112
In base 10, what is -11 + -1661428?
-1661439
In base 12, what is 797b - 24?
7957
In base 16, what is 448c1 + -11?
448b0
In base 13, what is -ca5b - 122a8?
-22036
In base 9, what is 4 - 826858863?
-826858858
In base 4, what is 12 + 120203102002?
120203102020
In base 2, what is 1010100100000110110110110 + -1110?
1010100100000110110101000
In base 2, what is -1001110100100011111010011 - 10?
-1001110100100011111010101
In base 9, what is 1558102 - 186?
1557805
In base 14, what is -5 + 14dd6d1?
14dd6ca
In base 5, what is 202033 - -14020?
221103
In base 5, what is 212 - 200334204?
-200333442
In base 8, what is 442 + -47353?
-46711
In base 11, what is 27337030 + 4?
27337034
In base 5, what is 11 - -130042324?
130042340
In base 13, what is -8a4a4 + -49?
-8a520
In base 16, what is -5 + 10bb3a?
10bb35
In base 5, what is -30242 - 1204?
-32001
In base 6, what is 4155 - -131340?
135535
In base 4, what is 12331213 - 1330333?
11000220
In base 6, what is -24103433412 + 3?
-24103433405
In base 5, what is -12 - 23101033412?
-23101033424
In base 2, what is 101110100110011110101000000011 + 100?
101110100110011110101000000111
In base 11, what is -47 + -1233825?
-1233871
In base 13, what is 548b917 - 5?
548b912
In base 11, what is -150a9 + a94?
-14115
In base 12, what is -46 + -2322?
-2368
In base 8, what is 477653 - 1652?
476001
In base 14, what is -27b + -55c59?
-560d6
In base 11, what is -3100a - 20?
-3102a
In base 7, what is -352610 + 304?
-352303
In base 16, what is -27 + 151639?
151612
In base 16, what is -b + 1246db2?
1246da7
In base 9, what is -18740 + 174?
-18555
In base 3, what is 21112000102121020 + 0?
21112000102121020
In base 7, what is -14 + 4556606561?
4556606544
In base 15, what is 991a - 5485?
4485
In base 12, what is -a35aa888 + 0?
-a35aa888
In base 11, what is -4443aa6 - 4?
-4443aaa
In base 5, what is 24030003 + 22?
24030030
In base 15, what is -16d8421 + 1?
-16d8420
In base 5, what is 24211224 + 103?
24211332
In base 10, what is 223 + -55285?
-55062
In base 8, what is 1136672 + -1?
1136671
In base 5, what is 20 - 304022442?
-304022422
In base 16, what is 29 - 12ffc?
-12fd3
In base 7, what is -56056 - -135511?
46422
In base 12, what is -87182a - 13?
-871841
In base 4, what is -200320121 - 330?
-200321111
In base 8, what is -21667455 - -77?
-21667356
In base 10, what is -48 + 202929?
202881
In base 3, what is -110 + -21100002122110?
-21100002122220
In base 13, what is -c4 - -3a4a7?
3a3b3
In base 15, what is e612a7 + -2?
e612a5
In base 3, what is -12011 - 1211020202210?
-1211020221221
In base 9, what is 10 - 31126152?
-31126142
In base 16, what is 12 + f6398?
f63aa
In base 15, what is -2e - -598a51?
598a22
In base 5, what is 234 - 12223114?
-12222330
In base 16, what is 291 - -2fb7?
3248
In base 11, what is -139725 + -404?
-13a029
In base 5, what is 1240200 + 300423?
2041123
In base 9, what is 177133 - 23276?
153746
In base 5, what is -3 - -34143234131?
34143234123
In base 10, what is -3457 - 614?
-4071
In base 9, what is 22 + -651686?
-651664
In base 4, what is -213033231220 - -2?
-213033231212
In base 2, what is 110010001010001111 - 100110111001?
110001100011010110
In base 14, what is 363 - -102187?
10250a
In base 4, what is 112031 + 22003031?
22121122
In base 3, what is -10102222010021200 - 12?
-10102222010021212
In base 9, what is -68550248 - -3?
-68550245
In base 10, what is -4211270 + -61?
-4211331
In base 11, what is -5 + 1792765?
1792760
In base 11, what is -28a3 - -1218?
-1686
In base 8, what is 3154 + 762421?
765575
In base 15, what is -4 - a32491?
-a32495
In base 4, what is -121131332213201 + -1?
-121131332213202
In base 2, what is 11 + -1011000100110001100111?
-1011000100110001100100
In base 2, what is -111011011100110011 - -1010000?
-111011011011100011
In base 2, what is 111000101 - 101101010101010?
-101100011100101
In base 2, what is 11111011 - -110010011001010001?
110010011101001100
In base 16, what is 5d0a + d92?
6a9c
In base 6, what is 413502 - 1331?
412131
In base 16, what is -25 + 47a16?
479f1
In base 8, what is -53237 - 2443?
-55702
In base 9, what is 4814 + 356?
5271
In base 16, what is 1aae + -288?
1826
In base 8, what is 2 - 60071670?
-60071666
In base 12, what is -7125361 + 1?
-7125360
In base 7, what is 1 + 10052666?
10053000
In base 9, what is -76 - -1234408?
1234322
In base 3, what is 11201110201112 + -212?
11201110200200
In base 16, what is 99 + 26f6?
278f
In base 8, what is 141534 + 3614?
145350
In base 7, what is 1031650550 - -1?
1031650551
In base 14, what is 5 + d0b8a4?
d0b8a9
In base 15, what is -173 - -1db2cd?
1db15a
In base 12, what is -9b + 16649?
1656a
In base 8, what is 64 - -4250412?
4250476
In base 10, what is 2 + 42872959?
42872961
In base 15, what is -56 - 49bc?
-4a23
In base 13, what is -13 + -4547975?
-4547988
In base 11, what is -1 + 220a7626?
220a7625
In base 6, what is 40 - 1521432?
-1521352
In base 12, what is 3875638 - 0?
3875638
In base 2, what is 1000101001001011111010 + -111110?
1000101001001010111100
In base 13, what is b582074 + 9?
b582080
In base 7, what is -16 + 451233411?
451233362
In base 2, what is -111110110001100001000 + 10000?
-111110110001011111000
In base 10, what is 45937340 - -4?
45937344
In base 4, what is -12212 - 102333?
-121211
In base 15, what is -58c - -1608?
106b
In base 2, what is -1011100100 - -101001111110000?
101000100001100
In base 6, what is -3 - -144545240?
144545233
In base 16, what is 1db + 458?
633
In base 4, what is -32 + 101103013330?
101103013232
In base 10, what is 33 - 1072017?
-1071984
In base 13, what is 2a - -3156035?
3156062
In base 8, what is 0 + 1030210343?
1030210343
In base 11, what is 1a87a95 - -9?
1a87aa3
In base 13, what is -6 - -96628?
96622
In base 2, what is 100101011100111000111011 + -11?
100101011100111000111000
In base 8, what is -1406 - 201535?
-203143
In base 10, what is -5 - -801255?
801250
In base 9, what is 724 - 24240?
-23415
In base 7, what is -2655 - 1362?
-4350
In base 15, what is -1d96 - 2b7?
-215d
In base 10, what is -7 + 257021?
257014
In base 3, what is 102 - -21101110001011?
21101110001120
In base 2, what is 1000010100 - 101001111111100?
-101000111101000
In base 14, what is -4c417 + 87?
-4c370
In base 6, what is 434412 + 12451?
451303
In base 15, what is 9 + -16dc4b?
-16dc42
In base 4, what is 303123 + 12023010?
12332133
In base 9, what is 3173 + -24406?
-21223
In base 4, what is -211213 - -1100221?
223002
In base 5, what is -2411044434 + -4?
-2411044443
In base 11, what is 2138563 + 13?
2138576
In base 15, what is 2810a2b - -4?
2810a30
In base 2, what is -11111010011011110001111100001 - 101?
-11111010011011110001111100110
In base 4, what is 22003111133 - -33?
22003111232
In base 9, what is 1021161 - 157?
1021003
In base 12, what is a36854 + 2?
a36856
In base 3, what is 11212002 - -100220100?
112202102
In base 7, what is -1253113511 + 6?
-1253113502
In base 2, what is -101001001001010101 + -1111100010?
-101001011000110111
In base 10, what is 1863 + 9947?
11810
In base 10, what is 27028 + -177?
26851
In base 13, what is -2 - 140468?
-14046a
In base 14, what is -1 + -34468b?
-34468c
In base 6, what is -2532242143 + -2?
-2532242145
In base 3, what is -211 - -120002002110202?
120002002102221
In base 4, what is 133033323111 + 21?
133033323132
In base 13, what is 6a38ca0 + 1?
6a38ca1
In base 14, what is -215 - -487c3?
485ac
In base 5, what is -1422420 - 112124?
-2040044
In base 6, what is 23015 + 1051411?
1114430
In base 5, what is -2403102232 - 133?
-2403102420
In base 13, what is -139b7273b - 4?
-139b72742
In base 13, what is 20c - -2842b4?
2844c3
In base 12, what is -19b + -222b8?
-22497
In base 6, what is 55 + -2523545?
-2523450
In base 16, what is 5 - 15bdf4?
-15bdef
In base 5, what is 12223311 + 202320?
12431131
In base 2, what is 1011000010011101101001001 + 1011?
1011000010011101101010100
In base 14, what is 